e the remainder when 1835204772 is divided by 95.
92
What is the remainder when 931890 is divided by 53?
44
What is the remainder when 68140 is divided by 68113?
27
Calculate the remainder when 3145586 is divided by 74.
68
Calculate the remainder when 582871 is divided by 499.
39
What is the remainder when 12706518 is divided by 499?
481
What is the remainder when 438387 is divided by 14?
5
Calculate the remainder when 1803293 is divided by 10.
3
Calculate the remainder when 100453 is divided by 2385.
283
Calculate the remainder when 62345951 is divided by 27771.
56
Calculate the remainder when 27196632 is divided by 87.
84
What is the remainder when 100552 is divided by 98859?
1693
What is the remainder when 9622398 is divided by 242?
236
Calculate the remainder when 38728 is divided by 985.
313
What is the remainder when 157904 is divided by 5260?
104
What is the remainder when 1172849215 is divided by 12?
7
What is the remainder when 27273 is divided by 3325?
673
What is the remainder when 1275230 is divided by 1275219?
11
What is the remainder when 84417 is divided by 16376?
2537
What is the remainder when 2413017 is divided by 2091?
3
What is the remainder when 30194680 is divided by 278?
266
Calculate the remainder when 22555168 is divided by 127430.
58
Calculate the remainder when 8369938 is divided by 132856.
10
What is the remainder when 183577 is divided by 14079?
550
What is the remainder when 2755437 is divided by 245?
167
Calculate the remainder when 1701587 is divided by 2794.
41
What is the remainder when 2642814 is divided by 169?
161
What is the remainder when 2853580 is divided by 17?
11
What is the remainder when 376692 is divided by 431?
429
What is the remainder when 28659 is divided by 199?
3
Calculate the remainder when 660122 is divided by 216.
26
What is the remainder when 351959 is divided by 35150?
459
What is the remainder when 139046 is divided by 33951?
3242
What is the remainder when 3522195 is divided by 5478?
5319
What is the remainder when 414292 is divided by 137709?
1165
Calculate the remainder when 3894794 is divided by 350.
344
What is the remainder when 740800 is divided by 12144?
16
Calculate the remainder when 23508689 is divided by 12.
5
Calculate the remainder when 19835449 is divided by 149.
122
What is the remainder when 18544054 is divided by 218165?
29
What is the remainder when 2525869 is divided by 10104?
9973
What is the remainder when 181388 is divided by 93?
38
Calculate the remainder when 14194221 is divided by 1276.
1273
What is the remainder when 49829690 is divided by 28?
22
What is the remainder when 588134 is divided by 196037?
23
What is the remainder when 48887 is divided by 2601?
2069
What is the remainder when 98448394 is divided by 239?
231
Calculate the remainder when 1347522342 is divided by 135.
132
What is the remainder when 50211 is divided by 2137?
1060
What is the remainder when 4140094 is divided by 2070045?
4
What is the remainder when 64286946 is divided by 39?
9
Calculate the remainder when 27294184 is divided by 5356.
8
What is the remainder when 206285059 is divided by 3127?
3123
Calculate the remainder when 329172 is divided by 2553.
2388
What is the remainder when 37458539 is divided by 1519?
1518
What is the remainder when 10293765 is divided by 7?
6
What is the remainder when 26951 is divided by 897?
41
Calculate the remainder when 169500 is divided by 84661.
178
Calculate the remainder when 33145420 is divided by 1845.
1840
Calculate the remainder when 2175740 is divided by 725229.
53
Calculate the remainder when 1636666 is divided by 690.
676
Calculate the remainder when 13007362 is divided by 119333.
65
Calculate the remainder when 13884822 is divided by 54.
18
What is the remainder when 1848706 is divided by 73?
54
Calculate the remainder when 195959 is divided by 710.
709
Calculate the remainder when 171301 is divided by 10074.
43
What is the remainder when 9782653 is divided by 26?
23
Calculate the remainder when 1952867 is divided by 54.
11
What is the remainder when 259716 is divided by 3935?
6
What is the remainder when 125464520 is divided by 19?
15
Calculate the remainder when 25164478 is divided by 1760.
1758
Calculate the remainder when 73371353 is divided by 77.
55
What is the remainder when 624616 is divided by 5390?
4766
What is the remainder when 7184855 is divided by 200?
55
Calculate the remainder when 3939851 is divided by 5.
1
Calculate the remainder when 3575912 is divided by 34.
30
What is the remainder when 330570 is divided by 1103?
773
What is the remainder when 1133791 is divided by 811?
13
Calculate the remainder when 267545 is divided by 33227.
1729
Calculate the remainder when 123937023 is divided by 32.
31
What is the remainder when 3669 is divided by 1075?
444
What is the remainder when 6800586 is divided by 15742?
42
What is the remainder when 372242 is divided by 441?
38
Calculate the remainder when 44826 is divided by 291.
12
Calculate the remainder when 2252501 is divided by 232.
13
Calculate the remainder when 63266 is divided by 1666.
1624
What is the remainder when 21820827 is divided by 16?
11
What is the remainder when 387645565 is divided by 154?
153
What is the remainder when 82242 is divided by 82207?
35
Calculate the remainder when 38589208 is divided by 547.
546
Calculate the remainder when 5808951 is divided by 1452228.
39
Calculate the remainder when 1529985 is divided by 3370.
5
Calculate the remainder when 27406510 is divided by 5936.
5934
Calculate the remainder when 217462 is divided by 686.
0
What is the remainder when 1072654 is divided by 1404?
1402
Calculate the remainder when 2578 is divided by 852.
22
What is the remainder when 13070834 is divided by 310?
304
What is the remainder when 442015 is divided by 87?
55
Calculate the remainder when 101454 is divided by 1879.
1867
Calculate the remainder when 7386566 is divided by 91192.
14
What is the remainder when 124219 is divided by 2651?
2273
Calculate the remainder when 15210645 is divided by 411096.
93
What is the remainder when 237948 is divided by 64?
60
What is the remainder when 10394155 is divided by 1297?
1294
What is the remainder when 718259 is divided by 179551?
55
Calculate the remainder when 3772931 is divided by 118.
117
Calculate the remainder when 1817932 is divided by 642.
430
Calculate the remainder when 57714 is divided by 31.
23
What is the remainder when 849371 is divided by 6?
5
Calculate the remainder when 578538331 is divided by 1203.
1195
What is the remainder when 87451 is divided by 2260?
1571
Calculate the remainder when 111478614 is divided by 54700.
14
What is the remainder when 776290 is divided by 258361?
1207
Calculate the remainder when 10280081 is divided by 5117.
28
What is the remainder when 7797862 is divided by 6482?
16
What is the remainder when 11739804 is divided by 308942?
8
What is the remainder when 37836631 is divided by 74?
61
Calculate the remainder when 658265 is divided by 59828.
157
What is the remainder when 221089 is divided by 220780?
309
Calculate the remainder when 787417 is divided by 1661.
103
What is the remainder when 72322 is divided by 4518?
34
Calculate the remainder when 2021989 is divided by 661.
651
What is the remainder when 499415 is divided by 10?
5
What is the remainder when 34277012 is divided by 11425608?
188
What is the remainder when 1160445 is divided by 1054?
1045
What is the remainder when 272322 is divided by 272216?
106
What is the remainder when 1476150 is divided by 37?
35
What is the remainder when 13020211 is divided by 10823?
142
Calculate the remainder when 3511924 is divided by 3809.
26
Calculate the remainder when 199621865 is divided by 2311.
2307
Calculate the remainder when 36898135 is divided by 3370.
5
What is the remainder when 907452 is divided by 1079?
13
What is the remainder when 4255244 is divided by 47?
5
What is the remainder when 456686780 is divided by 6?
2
What is the remainder when 46291 is divided by 15420?
31
What is the remainder when 10086132 is divided by 328?
132
Calculate the remainder when 1132876 is divided by 7125.
1
What is the remainder when 17011058 is divided by 7041?
2
Calculate the remainder when 1253401 is divided by 250664.
81
What is 